{"id":14921,"date":"2021-02-24T11:28:09","date_gmt":"2021-02-24T10:28:09","guid":{"rendered":"https:\/\/hgdgmbh.de\/infoportal\/?page_id=14921"},"modified":"2025-01-29T11:51:06","modified_gmt":"2025-01-29T10:51:06","slug":"wechselflaechen","status":"publish","type":"page","link":"https:\/\/hgdgmbh.de\/infoportal\/ladenbau\/wechselflaechen\/","title":{"rendered":"Wechselfl\u00e4chen"},"content":{"rendered":"<div class=\"wpb-content-wrapper\">[vc_section css=&#8221;.vc_custom_1669711008262{padding-top: 0px !important;background-color: #efefef !important;}&#8221;][vc_row][vc_column]\n\t\t\t\t<p class=\"rs-p-wp-fix\"><\/p>\n\t\t\t\t<sr7-module data-alias=\"banner_info_portal_sicherheitsdatenblaetter-1-1\" data-id=\"4\" id=\"SR7_4_1\" data-version=\"6.7.51\">\n\t\t\t\t\t<sr7-adjuster><\/sr7-adjuster>\n\t\t\t\t\t<sr7-content>\n\t\t\t\t\t\t<sr7-slide id=\"SR7_4_1-4\" data-key=\"4\">\n\t\t\t\t\t\t<\/sr7-slide>\n\t\t\t\t\t\t<sr7-slide id=\"SR7_4_1-29\" data-key=\"29\">\n\t\t\t\t\t\t<\/sr7-slide>\n\t\t\t\t\t<\/sr7-content>\n\t\t\t\t<\/sr7-module>\n\t\t\t\t<script>\n\t\t\t\t\twindow.SR7 ??={};SR7.PMH ??={}; SR7.PMH[\"SR7_4_1\"] = {cn:100,state:false,fn: function() { if (window._tpt!==undefined && window._tpt.prepareModuleHeight !== undefined) {  _tpt.prepareModuleHeight({id:\"SR7_4_1\",el:[500],type:'standard',shdw:'0',gh:[500],gw:[2560],vpt:['-200px'],size:{fullWidth:true, fullHeight:false},mh:'0',onh:0,onw:0,bg:{color:'transparent'},plType:'0',plColor:'#ffffff'});   SR7.PMH[\"SR7_4_1\"].state=true;} else if(SR7.PMH[\"SR7_4_1\"].cn-->0)\tsetTimeout( SR7.PMH[\"SR7_4_1\"].fn,19);}};SR7.PMH[\"SR7_4_1\" ].fn();\n\t\t\t\t<\/script>\n[\/vc_column][\/vc_row][\/vc_section][vc_section full_width=&#8221;stretch_row&#8221; css=&#8221;.vc_custom_1669711025031{margin-top: -20px !important;padding-top: 100px !important;background-color: #efefef !important;}&#8221; el_id=&#8221;einstieg&#8221;][vc_row][vc_column]<div class=\"shortcode-wrapper shortcode-title clearfix hgd\"><h1 class=\"aligncenter\">Wechselfl\u00e4chen.<\/h1><\/div>[vc_single_image image=&#8221;6169&#8243; img_size=&#8221;60&#215;8&#8243; alignment=&#8221;center&#8221;][vc_column_text css=&#8221;.vc_custom_1738147776341{padding-top: 20px !important;padding-right: 20px !important;padding-bottom: 20px !important;padding-left: 20px !important;background-color: #ffffff !important;}&#8221;]\n<p data-style-nunil-ac=\"text-align: center;\"><strong>Wechselfl\u00e4chen bieten Zusatzk\u00e4ufe<\/strong><\/p>\n<p data-style-nunil-ac=\"text-align: center;\">Die richtige Platzierung der Ware am richtigen Ort und zur richtigen Zeit steigert Ihren Umsatz und damit Ihren Erfolg. Was oftmals selbstverst\u00e4ndlich ist, wird h\u00e4ufig nicht umgesetzt.<\/p>\n<p data-style-nunil-ac=\"text-align: center;\">Der <strong>HGD Warenpr\u00e4senzplan<\/strong> gibt Ihnen einen \u00dcberblick \u00fcber die wichtigsten saisonalen Themen aus allen Sortimentsbereichen und soll Sie bei der Planung von Aktionsfl\u00e4chen und der Belegung von Regalfl\u00e4chen und Stirngondeln unterst\u00fctzen.\u00a0F\u00fcr bestimmte, saisonabh\u00e4ngige Sortimente sind Abverkaufsrabatte und -zeitr\u00e4ume im Warenpr\u00e4senzplan hinterlegt. Hierbei handelt es sich selbstverst\u00e4ndlich nur um Empfehlungen.<\/p>\n<p data-style-nunil-ac=\"text-align: center;\">Den Warenpr\u00e4senzplan k\u00f6nnen Sie durch Klick auf den Link direkt herunterladen.<br \/>\n<a href=\"https:\/\/hgdgmbh.de\/infoportal\/wp-content\/uploads\/sites\/5\/2025\/01\/HGD-Warenpraesenzplan-2025-A4_250129.pdf\"><strong>HGD Warenpr\u00e4senzplan 2025<\/strong><\/a><\/p>\n<p data-style-nunil-ac=\"text-align: center;\">Unser Team ber\u00e4t Sie gerne auch individuell bei Sonderaufbauten, Saisonplatzierung, Aktionsfl\u00e4chen, Abverkaufs-Aktionen, Neueinf\u00fchrungen oder auch saisonalen Aufbauten.<\/p>\n[\/vc_column_text][\/vc_column][\/vc_row][\/vc_section][vc_section full_width=&#8221;stretch_row&#8221; disable_element=&#8221;yes&#8221; css=&#8221;.vc_custom_1708013766571{padding-bottom: 15px !important;background-image: url(https:\/\/hgdgmbh.de\/infoportal\/wp-content\/uploads\/sites\/5\/2020\/05\/shutterstock_601328912_Ersatz_Hintergrund_Holz-scaled.jpg?id=6729) !important;background-position: center !important;background-repeat: no-repeat !important;background-size: cover !important;}&#8221;][vc_row][vc_column][vc_tta_accordion active_section=&#8221;&#8221;][vc_tta_section title=&#8221;Erstes Halbjahr&#8221; tab_id=&#8221;1592312577256-4e27aee5-38ec&#8221;][vc_raw_html]JTVCd3BkbV9wYWNrYWdlJTIwaWQlM0QlMjIxNTMwMCUyMiUyMHRlbXBsYXRlJTNEJTIyaW5wbyUyMiU1RA==[\/vc_raw_html][\/vc_tta_section][vc_tta_section title=&#8221;Zweites Halbjahr&#8221; tab_id=&#8221;1590669730951-c391f8f4-da0e&#8221;][vc_raw_html]JTVCd3BkbV9wYWNrYWdlJTIwaWQlM0QlMjIxNTMwMiUyMiUyMHRlbXBsYXRlJTNEJTIyaW5wbyUyMiU1RA==[\/vc_raw_html][\/vc_tta_section][\/vc_tta_accordion][\/vc_column][\/vc_row][\/vc_section]\n<\/div>","protected":false},"excerpt":{"rendered":"<p>[vc_section css=&#8221;.vc_custom_1669711008262{padding-top: 0px !important;background-color: #efefef !important;}&#8221;][vc_row][vc_column][\/vc_column][\/vc_row][\/vc_section][vc_section full_width=&#8221;stretch_row&#8221; css=&#8221;.vc_custom_1669711025031{margin-top: -20px !important;padding-top: 100px !important;background-color: #efefef !important;}&#8221; el_id=&#8221;einstieg&#8221;][vc_row][vc_column][vc_single_image image=&#8221;6169&#8243; img_size=&#8221;60&#215;8&#8243; alignment=&#8221;center&#8221;][vc_column_text css=&#8221;.vc_custom_1738147776341{padding-top: 20px [&hellip;]<\/p>\n","protected":false},"author":9,"featured_media":0,"parent":14930,"menu_order":4,"comment_status":"closed","ping_status":"closed","template":"","meta":{"footnotes":""},"class_list":["post-14921","page","type-page","status-publish","hentry"],"_links":{"self":[{"href":"https:\/\/hgdgmbh.de\/infoportal\/wp-json\/wp\/v2\/pages\/14921","targetHints":{"allow":["GET"]}}],"collection":[{"href":"https:\/\/hgdgmbh.de\/infoportal\/wp-json\/wp\/v2\/pages"}],"about":[{"href":"https:\/\/hgdgmbh.de\/infoportal\/wp-json\/wp\/v2\/types\/page"}],"author":[{"embeddable":true,"href":"https:\/\/hgdgmbh.de\/infoportal\/wp-json\/wp\/v2\/users\/9"}],"replies":[{"embeddable":true,"href":"https:\/\/hgdgmbh.de\/infoportal\/wp-json\/wp\/v2\/comments?post=14921"}],"version-history":[{"count":18,"href":"https:\/\/hgdgmbh.de\/infoportal\/wp-json\/wp\/v2\/pages\/14921\/revisions"}],"predecessor-version":[{"id":17690,"href":"https:\/\/hgdgmbh.de\/infoportal\/wp-json\/wp\/v2\/pages\/14921\/revisions\/17690"}],"up":[{"embeddable":true,"href":"https:\/\/hgdgmbh.de\/infoportal\/wp-json\/wp\/v2\/pages\/14930"}],"wp:attachment":[{"href":"https:\/\/hgdgmbh.de\/infoportal\/wp-json\/wp\/v2\/media?parent=14921"}],"curies":[{"name":"wp","href":"https:\/\/api.w.org\/{rel}","templated":true}]}}